{"id":161,"date":"2025-10-09T14:37:55","date_gmt":"2025-10-09T14:37:55","guid":{"rendered":"https:\/\/schild-haan.de\/?page_id=161"},"modified":"2025-10-25T11:25:18","modified_gmt":"2025-10-25T11:25:18","slug":"linux-tipps","status":"publish","type":"page","link":"https:\/\/schild-haan.de\/?page_id=161","title":{"rendered":"Linux &#8211; Tipps"},"content":{"rendered":"\n<p><strong>Netzwerk Befehle<br \/>ifconfig<\/strong> &#8211; Zeigt die IP-Adresse, Subnetztmaske und das Gateway an<\/p>\n<p><strong>ping &lt;IP or Hostname&gt;<\/strong> &#8211; pr\u00fcft Verbindung zu anderem Ger\u00e4t<br \/><strong>traceroute &lt;IP or Hostname&gt;<\/strong> &#8211; zeigt den &#8222;Weg&#8220; zu einem anderen Ger\u00e4t<br \/><strong>dig &lt;Hostname&gt;<\/strong>Zeigt die IP-Adresse des Hostname an<br \/><strong>host &lt;Hostname&gt;<\/strong>Zeigt die IP-Adresse des Hostname an<br \/><strong>netstat<\/strong> &#8211; Zeigt die aktiven TCP\/UDP Verbindungen an<br \/><strong>netstat -atune<\/strong> &#8211; Zeigt die aktiven TCP\/UDP Verbindungen an<br \/><strong>arp -a<\/strong> &#8211; zeigt die MAC\/IP Adressen-Tabelle an<\/p>\n<p><b>nc<\/b> &#8211;<strong>vz<\/strong> <strong>&lt;IP or Hostname&gt;<\/strong> &lt;<strong>Port&gt;<\/strong>&#8211; baut eine Verbindung zu einer Adresse auf und kann auch den Port testen z.B. nc -vz www.beispiel.de 443<\/p>\n<p><strong>Allgemeine Befehle<\/strong><br \/><strong>cat \/etc\/os-release<\/strong> &#8211; zeigt die Linux-Distribution an<br \/><strong>uname -a<\/strong> &#8211; zeigt die Kernelversion an<br \/><strong>systemctl status\/start\/stop\/restart<\/strong> &lt;service-name&gt; &#8211; Services pr\u00fcfen\/starten\/stoppen\/neustarten<br \/><strong>journalctl<\/strong> &#8211; logfiles anzeigen<\/p>\n<p><strong>Rasperry Pi<br \/><\/strong><strong>cat \/sys\/firmware\/devicetree\/base\/model<\/strong> &#8211; zeigt das Modell an<br \/><strong>vcgencmd version<\/strong> &#8211; zeigt die Firmwareversion an<br \/><strong>vcgencmd get_config int<\/strong> &#8211; zeigt die aktuelle Konfiguration an<\/p>\n<pre>\u00a0<\/pre>\n","protected":false},"excerpt":{"rendered":"<p>Netzwerk Befehleifconfig &#8211; Zeigt die IP-Adresse, Subnetztmaske und das Gateway an ping &lt;IP or Hostname&gt; &#8211; pr\u00fcft Verbindung zu anderem Ger\u00e4ttraceroute &lt;IP or Hostname&gt; &#8211; zeigt den &#8222;Weg&#8220; zu einem anderen Ger\u00e4tdig &lt;Hostname&gt;Zeigt die IP-Adresse des Hostname anhost &lt;Hostname&gt;Zeigt die IP-Adresse des Hostname annetstat &#8211; Zeigt die aktiven TCP\/UDP Verbindungen annetstat -atune &#8211; Zeigt die [&hellip;]<\/p>\n","protected":false},"author":2,"featured_media":0,"parent":59,"menu_order":1,"comment_status":"closed","ping_status":"closed","template":"","meta":{"footnotes":""},"class_list":["post-161","page","type-page","status-publish","hentry"],"_links":{"self":[{"href":"https:\/\/schild-haan.de\/index.php?rest_route=\/wp\/v2\/pages\/161","targetHints":{"allow":["GET"]}}],"collection":[{"href":"https:\/\/schild-haan.de\/index.php?rest_route=\/wp\/v2\/pages"}],"about":[{"href":"https:\/\/schild-haan.de\/index.php?rest_route=\/wp\/v2\/types\/page"}],"author":[{"embeddable":true,"href":"https:\/\/schild-haan.de\/index.php?rest_route=\/wp\/v2\/users\/2"}],"replies":[{"embeddable":true,"href":"https:\/\/schild-haan.de\/index.php?rest_route=%2Fwp%2Fv2%2Fcomments&post=161"}],"version-history":[{"count":0,"href":"https:\/\/schild-haan.de\/index.php?rest_route=\/wp\/v2\/pages\/161\/revisions"}],"up":[{"embeddable":true,"href":"https:\/\/schild-haan.de\/index.php?rest_route=\/wp\/v2\/pages\/59"}],"wp:attachment":[{"href":"https:\/\/schild-haan.de\/index.php?rest_route=%2Fwp%2Fv2%2Fmedia&parent=161"}],"curies":[{"name":"wp","href":"https:\/\/api.w.org\/{rel}","templated":true}]}}